{"id":657,"date":"2020-05-07T18:08:57","date_gmt":"2020-05-07T16:08:57","guid":{"rendered":"http:\/\/editionspaondor.com\/boutique\/?page_id=657"},"modified":"2020-11-20T10:38:16","modified_gmt":"2020-11-20T09:38:16","slug":"conditions-generales-de-vente","status":"publish","type":"page","link":"https:\/\/editionspaondor.com\/boutique\/index.php\/conditions-generales-de-vente\/","title":{"rendered":"CGV"},"content":{"rendered":"\n<h2 class=\"wp-block-heading\">Conditions g\u00e9n\u00e9rales de vente<\/h2>\n\n\n\n<p><strong>Mentions l\u00e9gales :<\/strong><\/p>\n\n\n\n<p>Site administr\u00e9 par Gabriel Leroy, h\u00e9berg\u00e9 chez OVH, propuls\u00e9 par WordPress.<\/p>\n\n\n\n<p>Toutes les images du catalogue sont la propri\u00e9t\u00e9s de Gabriel Leroy.<\/p>\n\n\n\n<p>Mail de contact : gabriel_leroy@hotmail.com<br>Activit\u00e9 professionnelle enregistr\u00e9e.<br>Num\u00e9ro : (obtention en cours)<br>Banque-Carrefour des entreprises<br>Soci\u00e9t\u00e9 domicili\u00e9e : 67 rue C\u00e9sar Depaepe 7080 Frameries Belgique<br><\/p>\n\n\n\n<p><strong>Commandes &amp; d\u00e9lais :<\/strong><\/p>\n\n\n\n<p>Les commandes sont trait\u00e9es par ordre d\u2019arriv\u00e9e.<\/p>\n\n\n\n<p>Produits : Les commandes sont trait\u00e9es et envoy\u00e9es dans les trois jours \u00e0 partir du statut \u00ab\u00a0paiement accept\u00e9\u00a0\u00bb. Le temps de livraison pour la Belgique et la France d\u00e9pend de Mondial Relay et de Bpost. Il est en moyenne de trois jours ouvrables \u00e0 partir de l&rsquo;envoi. Les commandes internationales peuvent prendre plusieurs semaines en fonctions des services postaux et douanes.<\/p>\n\n\n\n<p><strong>Contact :<\/strong><\/p>\n\n\n\n<p>Pour toute question relative \u00e0 vos commande, vous pouvez me contacter par mail : gabriel_leroy@hotmail.com ou via le formulaire de <a href=\"https:\/\/editionspaondor.com\/boutique\/index.php\/contact\/\">contact<\/a>. Veuillez \u00e0 toujours y mentionner de quoi vous identifier ainsi que le num\u00e9ro de votre commande. <\/p>\n\n\n\n<p><strong>Livraison des produits :<\/strong><\/p>\n\n\n\n<p>Les envois se font de pr\u00e9f\u00e9rence via Mondial Relay, ou Bpost au choix, avec ou sans suivi.<\/p>\n\n\n\n<p>La boutique ne sera pas tenue comme responsable de la perte d\u2019un colis par Bpost ni de toute d\u00e9t\u00e9rioration, perte ou vol de son contenu lors de la livraison. Par contre un d\u00e9dommagement de maximum 25eur vous sera accord\u00e9 pour les colis qui seraient perdus par Mondial Relay. Le choix de ce type de livraison est donc fortement encourag\u00e9.<\/p>\n\n\n\n<p><strong>Annulation de commande \/ Remboursement :<\/strong><\/p>\n\n\n\n<p>L\u2019acheteur peut \u00e0 tout moment annuler sa commande tant qu&rsquo;elle n&rsquo;est pas encore au status \u00ab en cours de livraison \u00bb. Vous serez rembours\u00e9 de la totalit\u00e9 de votre commande.<br>Lorsque le statut passe \u00ab&nbsp;en cours de livraison&nbsp;\u00bb il faudra demander un retour (voir l\u2019article ci -apr\u00e8s).<\/p>\n\n\n\n<p><strong>Retour &amp; R\u00e9clamations :<\/strong><\/p>\n\n\n\n<p>L\u2019acheteur dispose d\u2019un d\u00e9lai de 14 jours pour effectuer une r\u00e9clamation concernant son colis dans les cas suivants :<br>&#8211; non conformit\u00e9 d&rsquo;un ou plusieurs produits par rapport \u00e0 la commande<br>&#8211; absence d\u2019un ou plusieurs produit(s)<br>&#8211; d\u00e9faut de fabrication dans un produit de la commande (prendre une photo)<\/p>\n\n\n\n<p>Pass\u00e9 ce d\u00e9lai, il ne sera plus possible de faire une r\u00e9clamation.<\/p>\n\n\n\n<p>L\u2019acheteur dispose d\u2019un d\u00e9lai de 14 jours \u00e0 compter de la livraison de la commande (conform\u00e9ment au code du droit \u00e9conomique <a rel=\"noreferrer noopener\" href=\"http:\/\/www.ejustice.just.fgov.be\/cgi_loi\/loi_a1.pl?language=fr&amp;la=F&amp;cn=2013022819&amp;table_name=loi&amp;&amp;caller=list&amp;F&amp;fromtab=loi&amp;tri=dd+AS+RANK&amp;rech=1&amp;numero=1&amp;sql=(text+contains+(''))#Art.VI.47\" target=\"_blank\">art. VI.47 \u00e0 53 CDE<\/a>) pour retourner un produit qui ne conviendrait pas.<\/p>\n\n\n\n<p>La date de livraison est la date indiqu\u00e9e sur l\u2019enveloppe ou le colis.<\/p>\n\n\n\n<p>L\u2019acheteur peut, soit \u00e9changer le produit, soit se faire rembourser. Ce droit s\u2019applique aux produits d\u00e9fectueux ou non conformes \u00e0 sa commande.<br>Ne sont pas repris : les articles endommag\u00e9s ou salis lors de la livraison ou par l&rsquo;acheteur<br><\/p>\n\n\n\n<p>Les frais de retour et de renvoi ne sont pas pris en charge par Gabriel Leroy.<br>Pour tout retour, merci de m&rsquo;\u00e9crire d\u2019abord sur l\u2019adresse gabriel_leroy@hotmail.com afin d\u2019obtenir un num\u00e9ro de retour. Ce num\u00e9ro de retour devra \u00eatre indiqu\u00e9 dans le colis de renvoi. Je vous enverrai un e-mail pour confirmer la prise en charge du retour ou le refus de celui-ci si les conditions indiqu\u00e9es plus hauts n&rsquo;\u00e9taient pas remplies.<\/p>\n\n\n\n<p>Pass\u00e9 ce d\u00e9lai, aucun retour ne sera accept\u00e9.<\/p>\n\n\n\n<p><strong>Paiements accept\u00e9s :<\/strong><\/p>\n\n\n\n<p>La boutique accepte les paiements par virement, carte bancaire et PayPal.<\/p>\n\n\n\n<p>Attention : pour les paiements par virement, sans r\u00e9ception de paiement dans un d\u00e9lai de 10 jours ouvr\u00e9s \u00e0 partir de la date de commande, la commande sera automatiquement annul\u00e9e. Merci de votre compr\u00e9hension<\/p>\n\n\n\n<p>Virement :<br>IBAN : BE80001221363877<br>BIC : GEBABEBB<br>Banque: BNP Paribas Fortis<br>Titulaire : Gabriel Leroy<\/p>\n\n\n\n<p>PAYPAL (carte bancaire ou compte PayPal) : gabriel_leroy@hotmail.com<br>Lorsque vous payez par carte bancaire via PayPal (ou avec votre compte PayPal si vous en poss\u00e9dez un) vous \u00eates en totale s\u00e9curit\u00e9 !<\/p>\n\n\n\n<p>En payant avec PayPal, vous ne saisissez pas votre num\u00e9ro de carte sur tous les sites sur lesquels vous faites du shopping. Nous ne communiquons jamais vos coordonn\u00e9es bancaires aux destinataires de vos paiements. Protection contre la fraude Vous \u00eates totalement couvert en cas de fraude. C\u2019est \u00e0 dire que, si vos informations financi\u00e8res sont utilis\u00e9es sans votre autorisation, vous \u00eates int\u00e9gralement rembours\u00e9. Cryptage des donn\u00e9es Les outils PayPal de s\u00e9curisation et de pr\u00e9vention sont parmi les plus performants du march\u00e9.<br>Toutes les donn\u00e9es enregistr\u00e9es sur votre compte PayPal sont crypt\u00e9es. Les \u00e9changes d\u2019e-mails que nous sommes susceptibles d\u2019avoir sont \u00e9galement crypt\u00e9s mais nous vous d\u00e9conseillons d\u2019envoyer par e-mail des informations sensibles comme votre num\u00e9ro de compte ou de s\u00e9curit\u00e9 sociale. Si vous devez fournir ce type de renseignements, pr\u00e9f\u00e9rez le t\u00e9l\u00e9phone.<br>Nos syst\u00e8mes de pr\u00e9vention d\u00e9tectent les tentatives de fraude sur votre compte. En cas de doute, le compte est automatiquement bloqu\u00e9 et nous vous contactons imm\u00e9diatement. Confirmation automatique par e-mail A chaque fois que vous recevez ou effectuez un paiement via PayPal, nous vous envoyons un e-mail de confirmation. Si vous recevez un e-mail de confirmation portant sur une transaction que vous n\u2019avez pas effectu\u00e9e, pr\u00e9venez-nous imm\u00e9diatement pour que nous puissions r\u00e9agir au mieux.<\/p>\n","protected":false},"excerpt":{"rendered":"<p>Conditions g\u00e9n\u00e9rales de vente Mentions l\u00e9gales : Site administr\u00e9 par Gabriel Leroy, h\u00e9berg\u00e9 chez OVH, propuls\u00e9 par WordPress. Toutes les images du catalogue sont la propri\u00e9t\u00e9s de Gabriel Leroy. Mail de contact : gabriel_leroy@hotmail.comActivit\u00e9 professionnelle enregistr\u00e9e.Num\u00e9ro : (obtention en cours)Banque-Carrefour des entreprisesSoci\u00e9t\u00e9 domicili\u00e9e : 67 rue C\u00e9sar Depaepe 7080 Frameries Belgique Commandes &amp; d\u00e9lais : [&hellip;]<\/p>\n","protected":false},"author":1,"featured_media":0,"parent":0,"menu_order":0,"comment_status":"closed","ping_status":"closed","template":"","meta":{"footnotes":""},"class_list":["post-657","page","type-page","status-publish","hentry"],"jetpack_sharing_enabled":true,"_links":{"self":[{"href":"https:\/\/editionspaondor.com\/boutique\/index.php\/wp-json\/wp\/v2\/pages\/657","targetHints":{"allow":["GET"]}}],"collection":[{"href":"https:\/\/editionspaondor.com\/boutique\/index.php\/wp-json\/wp\/v2\/pages"}],"about":[{"href":"https:\/\/editionspaondor.com\/boutique\/index.php\/wp-json\/wp\/v2\/types\/page"}],"author":[{"embeddable":true,"href":"https:\/\/editionspaondor.com\/boutique\/index.php\/wp-json\/wp\/v2\/users\/1"}],"replies":[{"embeddable":true,"href":"https:\/\/editionspaondor.com\/boutique\/index.php\/wp-json\/wp\/v2\/comments?post=657"}],"version-history":[{"count":3,"href":"https:\/\/editionspaondor.com\/boutique\/index.php\/wp-json\/wp\/v2\/pages\/657\/revisions"}],"predecessor-version":[{"id":1308,"href":"https:\/\/editionspaondor.com\/boutique\/index.php\/wp-json\/wp\/v2\/pages\/657\/revisions\/1308"}],"wp:attachment":[{"href":"https:\/\/editionspaondor.com\/boutique\/index.php\/wp-json\/wp\/v2\/media?parent=657"}],"curies":[{"name":"wp","href":"https:\/\/api.w.org\/{rel}","templated":true}]}}