{"id":2,"date":"2020-04-25T18:42:17","date_gmt":"2020-04-25T16:42:17","guid":{"rendered":"http:\/\/editionspaondor.com\/boutique\/?page_id=2"},"modified":"2023-11-27T18:36:05","modified_gmt":"2023-11-27T17:36:05","slug":"page-d-exemple","status":"publish","type":"page","link":"https:\/\/editionspaondor.com\/boutique\/index.php\/page-d-exemple\/","title":{"rendered":"Mon univers"},"content":{"rendered":"\n<p>\u00ab\u00a0Le promenoir d&rsquo;une \u00e2me\u00a0\u00bb est mon site internet principal. Il permet de d\u00e9couvrir gratuitement tous mes textes d\u00e9j\u00e0 publi\u00e9s. Certains sont illustr\u00e9s de peintures ou dessins d&rsquo;artistes que j&rsquo;admire. On peut cependant trouver dans la section \u00ab\u00a0dessins\u00a0\u00bb une grande partie de mes propres cr\u00e9ations graphiques.<\/p>\n\n\n\n<p>Le site tire son meilleur potentiel quand il est visit\u00e9 \u00e0 partir d&rsquo;un ordinateur. <br>Il n&rsquo;est donc pas id\u00e9al d&rsquo;y acc\u00e9der via smartphones ou tablettes. <\/p>\n\n\n\n<p>Bonne <a href=\"http:\/\/www.editionspaondor.com\/SITE\/index.html\">visite<\/a>! <\/p>\n\n\n<div class=\"wp-block-image\">\n<figure class=\"aligncenter size-large\"><a href=\"http:\/\/www.editionspaondor.com\/SITE\/index.html\"><img loading=\"lazy\" decoding=\"async\" width=\"1024\" height=\"489\" src=\"https:\/\/editionspaondor.com\/boutique\/wp-content\/uploads\/2020\/04\/promenoir-1024x489.jpg\" alt=\"\" class=\"wp-image-179\" srcset=\"https:\/\/editionspaondor.com\/boutique\/wp-content\/uploads\/2020\/04\/promenoir-1024x489.jpg 1024w, https:\/\/editionspaondor.com\/boutique\/wp-content\/uploads\/2020\/04\/promenoir-300x143.jpg 300w, https:\/\/editionspaondor.com\/boutique\/wp-content\/uploads\/2020\/04\/promenoir-768x366.jpg 768w, https:\/\/editionspaondor.com\/boutique\/wp-content\/uploads\/2020\/04\/promenoir-1536x733.jpg 1536w, https:\/\/editionspaondor.com\/boutique\/wp-content\/uploads\/2020\/04\/promenoir-324x155.jpg 324w, https:\/\/editionspaondor.com\/boutique\/wp-content\/uploads\/2020\/04\/promenoir-416x198.jpg 416w, https:\/\/editionspaondor.com\/boutique\/wp-content\/uploads\/2020\/04\/promenoir.jpg 1591w\" sizes=\"auto, (max-width: 1024px) 100vw, 1024px\" \/><\/a><\/figure>\n<\/div>\n\n\n<p><\/p>\n\n\n\n<p><\/p>\n\n\n\n<p>Avant tout po\u00e8te, j&rsquo;\u00e9cris depuis de nombreuses ann\u00e9es dans la discr\u00e9tion qui s&rsquo;impose aux rimeurs de ce si\u00e8cle. Amoureux du mouvement romantique et grand adepte des alexandrins n\u00e9o-classiques mes \u00e9crits sont toujours rest\u00e9s \u00e0 l&rsquo;\u00e9cart de la modernit\u00e9. Le fantastique et le surr\u00e9alisme y prennent une part importante. Auteur \u00ab\u00a0gothique\u00a0\u00bb dans un premier temps, j&rsquo;ai explor\u00e9 des univers tr\u00e8s sombres. Plus tard la rencontre providentielle et prodigieuse avec la po\u00e9tesse Lucy Dayrone m&rsquo;a ouvert des horizons plus romantiques, d\u00e9pla\u00e7ant mon id\u00e9al de la mort \u00e0 l&rsquo;Amour. <\/p>\n\n\n\n<p>J&rsquo;ai toujours tent\u00e9 d&rsquo;illustrer graphiquement mes textes, au d\u00e9part de mani\u00e8re tr\u00e8s maladroite. Autodidacte et utilisant la manipulation digitale pour corriger et affiner mes oeuvres, il m&rsquo;a fallu un temps certain avant d&rsquo;arriver peu \u00e0 peu \u00e0 de bons r\u00e9sultats. Et c&rsquo;est loin de la noirceur originelle que j&rsquo;ai finalement trouv\u00e9 mon style et ma voie en tant qu&rsquo;illustrateur, exploitant ma sensibilit\u00e9 et ma part de f\u00e9minit\u00e9, oubliant mes lacunes techniques dans les candeurs courbes de mes coups de crayon.<\/p>\n\n\n\n<p>Depuis 2018,  ayant eu la chance d&rsquo;illustrer \u00ab\u00a0L&rsquo;Absolu\u00a0\u00bb de Ange de Ga\u00efa, je rajoute une corde \u00e0 ma lyre en y ajoutant la cr\u00e9ation d&rsquo;oracles. <\/p>\n\n\n<div class=\"wp-block-image is-style-rounded\">\n<figure class=\"alignleft size-large\"><img loading=\"lazy\" decoding=\"async\" width=\"1024\" height=\"1024\" src=\"https:\/\/editionspaondor.com\/boutique\/wp-content\/uploads\/2020\/04\/lol-1-1024x1024.jpg\" alt=\"\" class=\"wp-image-540\" srcset=\"https:\/\/editionspaondor.com\/boutique\/wp-content\/uploads\/2020\/04\/lol-1-1024x1024.jpg 1024w, https:\/\/editionspaondor.com\/boutique\/wp-content\/uploads\/2020\/04\/lol-1-300x300.jpg 300w, https:\/\/editionspaondor.com\/boutique\/wp-content\/uploads\/2020\/04\/lol-1-150x150.jpg 150w, https:\/\/editionspaondor.com\/boutique\/wp-content\/uploads\/2020\/04\/lol-1-768x768.jpg 768w, https:\/\/editionspaondor.com\/boutique\/wp-content\/uploads\/2020\/04\/lol-1-1536x1536.jpg 1536w, https:\/\/editionspaondor.com\/boutique\/wp-content\/uploads\/2020\/04\/lol-1-2048x2048.jpg 2048w, https:\/\/editionspaondor.com\/boutique\/wp-content\/uploads\/2020\/04\/lol-1-324x324.jpg 324w, https:\/\/editionspaondor.com\/boutique\/wp-content\/uploads\/2020\/04\/lol-1-416x416.jpg 416w, https:\/\/editionspaondor.com\/boutique\/wp-content\/uploads\/2020\/04\/lol-1-100x100.jpg 100w\" sizes=\"auto, (max-width: 1024px) 100vw, 1024px\" \/><\/figure>\n<\/div>","protected":false},"excerpt":{"rendered":"<p>\u00ab\u00a0Le promenoir d&rsquo;une \u00e2me\u00a0\u00bb est mon site internet principal. Il permet de d\u00e9couvrir gratuitement tous mes textes d\u00e9j\u00e0 publi\u00e9s. Certains sont illustr\u00e9s de peintures ou dessins d&rsquo;artistes que j&rsquo;admire. On peut cependant trouver dans la section \u00ab\u00a0dessins\u00a0\u00bb une grande partie de mes propres cr\u00e9ations graphiques. Le site tire son meilleur potentiel quand il est visit\u00e9 [&hellip;]<\/p>\n","protected":false},"author":1,"featured_media":0,"parent":0,"menu_order":0,"comment_status":"closed","ping_status":"open","template":"template-fullwidth.php","meta":{"footnotes":""},"class_list":["post-2","page","type-page","status-publish","hentry"],"jetpack_sharing_enabled":true,"_links":{"self":[{"href":"https:\/\/editionspaondor.com\/boutique\/index.php\/wp-json\/wp\/v2\/pages\/2","targetHints":{"allow":["GET"]}}],"collection":[{"href":"https:\/\/editionspaondor.com\/boutique\/index.php\/wp-json\/wp\/v2\/pages"}],"about":[{"href":"https:\/\/editionspaondor.com\/boutique\/index.php\/wp-json\/wp\/v2\/types\/page"}],"author":[{"embeddable":true,"href":"https:\/\/editionspaondor.com\/boutique\/index.php\/wp-json\/wp\/v2\/users\/1"}],"replies":[{"embeddable":true,"href":"https:\/\/editionspaondor.com\/boutique\/index.php\/wp-json\/wp\/v2\/comments?post=2"}],"version-history":[{"count":12,"href":"https:\/\/editionspaondor.com\/boutique\/index.php\/wp-json\/wp\/v2\/pages\/2\/revisions"}],"predecessor-version":[{"id":3969,"href":"https:\/\/editionspaondor.com\/boutique\/index.php\/wp-json\/wp\/v2\/pages\/2\/revisions\/3969"}],"wp:attachment":[{"href":"https:\/\/editionspaondor.com\/boutique\/index.php\/wp-json\/wp\/v2\/media?parent=2"}],"curies":[{"name":"wp","href":"https:\/\/api.w.org\/{rel}","templated":true}]}}